e 14, what is -203c + 4?
-2038
In base 13, what is 301 - 1?
300
In base 3, what is -220 - 2010?
-10000
In base 10, what is 4 - 37?
-33
In base 7, what is -1165 + -4?
-1202
In base 16, what is -2b - 51?
-7c
In base 8, what is 2 + 541?
543
In base 7, what is 52 - -22?
104
In base 8, what is -1 - 477?
-500
In base 7, what is 4615 - 5?
4610
In base 5, what is 23 + -1333?
-1310
In base 12, what is 6a - -7?
75
In base 6, what is -2 + 5322?
5320
In base 12, what is a63 - -3?
a66
In base 2, what is -110101 - -10?
-110011
In base 2, what is 100 - 110111?
-110011
In base 5, what is -142 - -30?
-112
In base 10, what is -5 + -306?
-311
In base 15, what is -50 - 7?
-57
In base 14, what is -39 - 6?
-41
In base 9, what is -1 + 1247?
1246
In base 16, what is -ff - -1b?
-e4
In base 2, what is -100 - 1101111?
-1110011
In base 2, what is 1111 + 1001111?
1011110
In base 5, what is -34 - -20?
-14
In base 15, what is -3aa + -1?
-3ab
In base 9, what is 0 - -103?
103
In base 11, what is 115 - -13?
128
In base 12, what is -2 + -194?
-196
In base 7, what is 5 + -1352?
-1344
In base 6, what is 3223 + 13?
3240
In base 6, what is 2241 + 15?
2300
In base 8, what is 5202 - -1?
5203
In base 4, what is -1100 + -10?
-1110
In base 16, what is -23d + -c?
-249
In base 11, what is 30 - -2?
32
In base 6, what is -3 + 2521?
2514
In base 6, what is 5 - 53?
-44
In base 8, what is -200 + 40?
-140
In base 7, what is -3 + -4501?
-4504
In base 10, what is 106 + 3?
109
In base 12, what is -1 - -121?
120
In base 2, what is -10111011 + 0?
-10111011
In base 16, what is -12 + -1f?
-31
In base 9, what is -77 + 3?
-74
In base 2, what is -10000 - -10111011111?
10111001111
In base 14, what is -1 + -318?
-319
In base 7, what is -6556 + 0?
-6556
In base 12, what is 1 - 1ba0?
-1b9b
In base 8, what is -3 - 1010?
-1013
In base 15, what is -248d - -2?
-248b
In base 2, what is 100 - 10010?
-1110
In base 5, what is 0 - -310?
310
In base 16, what is 57 - -39?
90
In base 2, what is -10001111 + -100?
-10010011
In base 14, what is 0 - 9c?
-9c
In base 8, what is -1 - -1203?
1202
In base 7, what is 2511 + 5?
2516
In base 9, what is -2705 + -7?
-2713
In base 16, what is 49 - -17?
60
In base 8, what is -5 - -7?
2
In base 9, what is 47 - -61?
118
In base 11, what is -8 + -11?
-19
In base 5, what is 3 + 403?
411
In base 13, what is -1 + -25?
-26
In base 9, what is -14585 + -3?
-14588
In base 7, what is 5 - 26?
-21
In base 5, what is 2 + 3300?
3302
In base 15, what is 29b + 0?
29b
In base 4, what is 1132 - -203?
2001
In base 14, what is d1 - 1?
d0
In base 2, what is 0 - 10100101?
-10100101
In base 11, what is 0 + -23?
-23
In base 14, what is 0 - -1c?
1c
In base 4, what is -2013 + -30?
-2103
In base 12, what is -5 + 44?
3b
In base 13, what is -3 - -2a?
27
In base 3, what is -122121 - 10?
-122201
In base 4, what is 1023 - 0?
1023
In base 8, what is 0 - 1461?
-1461
In base 3, what is 101000 - -2?
101002
In base 6, what is -12 - -12552?
12540
In base 14, what is 9 + -3c?
-33
In base 13, what is -5 + 26a?
265
In base 8, what is -5 + 123?
116
In base 2, what is 1010 + -1011010?
-1010000
In base 8, what is -312 - 1?
-313
In base 2, what is -101 + -10001101?
-10010010
In base 6, what is -4 + 55?
51
In base 4, what is -101320 - 23?
-102003
In base 4, what is -33 + -12222?
-12321
In base 16, what is -4 + -47b?
-47f
In base 7, what is -460 - -2?
-455
In base 16, what is -2 + -3b?
-3d
In base 3, what is -1022200 - 11?
-1022211
In base 3, what is -1011001 - 1?
-1011002
In base 4, what is 131 + 13?
210
In base 10, what is 43 + -43?
0
In base 13, what is -266 + 3a?
-229
In base 9, what is -10 + -48?
-58
In base 15, what is 35a + -1b?
33e
In base 7, what is 54 - -105?
162
In base 11, what is 96a6 - -1?
96a7
In base 15, what is -17 - 15?
-2c
In base 3, what is 10020 - -201?
10221
In base 6, what is -32113 - 11?
-32124
In base 10, what is -118 + 3?
-115
In base 9, what is 8 + -7?
1
In base 3, what is 1210201 - 202?
1202222
In base 9, what is 65 + 12?
77
In base 15, what is -4 + -776?
-77a
In base 9, what is 287 - -2?
300
In base 3, what is 1111 + -102?
1002
In base 3, what is -102 - -10?
-22
In base 6, what is 14 - 142?
-124
In base 8, what is 1 + 32?
33
In base 7, what is 16 - 5?
11
In base 2, what is -110011 + 101111?
-100
In base 11, what is -3 - -785?
782
In base 5, what is -11 + -420?
-431
In base 5, what is 4203 + 2?
4210
In base 8, what is 255 + -3?
252
In base 13, what is -4 + -88?
-8c
In base 16, what is a - 1d3?
-1c9
In base 6, what is -3011 + -50?
-3101
In base 15, what is 485 - -4?
489
In base 8, what is 144 + 64?
230
In base 13, what is 99b6 + 0?
99b6
In base 13, what is 5 + 136?
13b
In base 2, what is -1001 - -110000001?
101111000
In base 5, what is 13031 - 4?
13022
In base 6, what is 40 + -2?
34
In base 7, what is 4 + -26?
-22
In base 6, what is -5 - 252?
-301
In base 5, what is -4 - 2?
-11
In base 12, what is 979 + -1?
978
In base 16, what is -2d6 - 9?
-2df
In base 11, what is a4 - -7?
100
In base 8, what is -434 - 5?
-441
In base 9, what is 42 + -22?
20
In base 16, what is -4 + -a9?
-ad
In base 13, what is -b1b + -1?
-b1c
In base 13, what is -20 + 6?
-17
In base 2, what is 1011 + -10?
1001
In base 7, what is 13 + 446?
462
In base 16, what is c6 + 4?
ca
In base 10, what is -1 + 30?
29
In base 6, what is -5 - -432?
423
In base 10, what is -1 + 131?
130
In base 12, what is 5 - -58?
61
In base 15, what is 31 - d2?
-a1
In base 16, what is -d4 - -1?
-d3
In base 4, what is -11 + -333?
-1010
In base 9, what is -5 + 13?
7
In base 16, what is 4f - 3?
4c
In base 4, what is 2 - 30131?
-30123
In base 7, what is 3 - -4060?
4063
In base 10, what is -4 - 113?
-117
In base 12, what is 3 + -233?
-230
In base 3, what is 220002 - 100?
212202
In base 15, what is 35 + 7?
3c
In base 9, what is -2 + -358?
-361
In base 6, what is 5 + 11?
20
In base 9, what is 3 - 75?
-72
In base 6, what is -55552 + 0?
-55552
In base 3, what is 2 - 1221?
-1212
In base 2, what is 10 - -100001010?
100001100
In base 5, what is -10 - 302?
-312
In base 14, what is -4 - -a6?
a2
In base 4, what is 121 - 103?
12
In base 14, what is 185 + 1?
186
In base 12, what is -245 + -2?
-247
In base 13, what is -102c + 3?
-1029
In base 6, what is 1 + 1013?
1014
In base 2, what is 10 - 101000100100?
-101000100010
In base 11, what is 13271 + -1?
13270
In base 10, what is -16 - -30?
14
In base 9, what is -13552 - 4?
-13556
In base 2, what is 100101 + 1011110?
10000011
In base 4, what is -2 - 200031?
-200033
In base 16, what is 146 + -27?
11f
In base 15, what is -329 + -1?
-32a
In base 11, what is 5 - -50?
55
In base 10, what is -50 + 25?
-25
In base 13, what is -5 + -50?
-55
In base 11, what is -41 + -2?
-43
In base 6, what is -33 + -1?
-34
In base 2, what is 0 - 1000011001?
-1000011001
In base 13, what is 7ccb - 2?
7cc9
In base 9, what is -5 + 22?
16
In base 2, what is 110000 + 1010000?
10000000
In base 5, what is -2202 - 10?
-2212
In base 16, what is -d6 + 2?
-d4
In base 9, what is -5 - -13?
7
In base 6, what is 21040 - 0?
21040
In base 16, what is 2 + 18d?
18f
In base 12, what is -1026 + 2?
-1024
In base 13, what is 2 - 36?
-34
In base 3, what is 112200120 - 0?
112200120
In base 16, what is -2 + 6?
4
In base 15, what is -3 - -854?
851
In base 13, what is 0 - 3c?
-3c
In base 4, what is -1 - 300102?
-300103
In base 2, what is -1010011 - 1100?
-1011111
In base 14, what is -2 - -189b?
1899
In base 5, what is 132 + -102?
30
In base 16, what is -953 + 3?
-950
In base 2, what is -10000 + 1011100?
1001100
In base 2, what is -10100110100110 + 1?
-10100110100101
In base 7, what is -4 + -102?
-106
In base 2, what is 0 - -10100101?
10100101
In base 5, what is -14301 + -10?
-14311
In base 12, what is -4 + -3bb?
-403
In base 11, what is 3 + 764?
767
In base 15, what is -1b6 - -10?
-1a6
In base 2, what is -101 + -110101011001?
-110101011110
In base 4, what is -1 + -2?
-3
In base 2, what is 1001 + 110100?
111101
In base 4, what is 112 - 1?
111
In base 8, what is 0 + 7245?
7245
In base 13, what is -354 + 4?
-350
In base 10, what is -35 + 1?
-34
In base 7, what is -1 - -1011?
1010
In base 7, what is -663 - -23?
-640
In base 12, what is -b8 - 4?
-100
In base 15, what is 8 - 8?
0
In base 10, what is -42 + -4?
-46
In base 12, what is 5 + 116?
11b
In base 4, what is 121123 - -11?
121200
In base 